ions digit of 10972680?
1
What is the millions digit of 3056992?
3
What is the hundreds digit of 11029365?
3
What is the hundred thousands digit of 19541315?
5
What is the thousands digit of 68659?
8
What is the units digit of 823374?
4
What is the hundreds digit of 7728278?
2
What is the units digit of 116164?
4
What is the thousands digit of 600022?
0
What is the units digit of 133225?
5
What is the units digit of 184004?
4
What is the ten thousands digit of 13783327?
8
What is the units digit of 14929?
9
What is the tens digit of 357840?
4
What is the units digit of 440639?
9
What is the units digit of 147551?
1
What is the ten thousands digit of 87572?
8
What is the hundred thousands digit of 6666279?
6
What is the tens digit of 1455436?
3
What is the units digit of 8570517?
7
What is the millions digit of 15526727?
5
What is the ten thousands digit of 404328?
0
What is the thousands digit of 670404?
0
What is the units digit of 6067135?
5
What is the tens digit of 8033333?
3
What is the tens digit of 1553940?
4
What is the thousands digit of 77112?
7
What is the thousands digit of 1887913?
7
What is the thousands digit of 1338048?
8
What is the ten thousands digit of 606369?
0
What is the ten thousands digit of 172625?
7
What is the tens digit of 5945827?
2
What is the hundreds digit of 183873?
8
What is the units digit of 38953?
3
What is the hundreds digit of 688859?
8
What is the units digit of 762493?
3
What is the thousands digit of 3050432?
0
What is the units digit of 255627?
7
What is the hundreds digit of 567036?
0
What is the tens digit of 438230?
3
What is the ten thousands digit of 492843?
9
What is the millions digit of 4331523?
4
What is the hundred thousands digit of 3379931?
3
What is the millions digit of 7667836?
7
What is the tens digit of 529445?
4
What is the hundreds digit of 3062362?
3
What is the millions digit of 2509365?
2
What is the hundred thousands digit of 591765?
5
What is the units digit of 6057?
7
What is the hundred thousands digit of 235807?
2
What is the hundreds digit of 16604759?
7
What is the thousands digit of 4476199?
6
What is the tens digit of 552536?
3
What is the units digit of 257187?
7
What is the thousands digit of 1547909?
7
What is the ten thousands digit of 11235363?
3
What is the units digit of 290116?
6
What is the units digit of 24459380?
0
What is the thousands digit of 24800143?
0
What is the ten thousands digit of 334193?
3
What is the ten thousands digit of 8045979?
4
What is the hundred thousands digit of 6485129?
4
What is the hundred thousands digit of 185517?
1
What is the thousands digit of 736565?
6
What is the hundreds digit of 25766129?
1
What is the hundred thousands digit of 963759?
9
What is the millions digit of 2663352?
2
What is the tens digit of 699436?
3
What is the thousands digit of 107187?
7
What is the hundred thousands digit of 19317280?
3
What is the hundreds digit of 337039?
0
What is the hundred thousands digit of 22784702?
7
What is the hundred thousands digit of 566136?
5
What is the hundreds digit of 4123029?
0
What is the hundred thousands digit of 13070276?
0
What is the units digit of 10168692?
2
What is the units digit of 1963179?
9
What is the ten thousands digit of 15222984?
2
What is the units digit of 4813247?
7
What is the hundreds digit of 43643?
6
What is the thousands digit of 2626211?
6
What is the units digit of 428848?
8
What is the hundreds digit of 488615?
6
What is the millions digit of 7816149?
7
What is the hundreds digit of 190371?
3
What is the hundreds digit of 286145?
1
What is the hundred thousands digit of 9418903?
4
What is the ten thousands digit of 763027?
6
What is the millions digit of 10687372?
0
What is the tens digit of 367901?
0
What is the millions digit of 11497687?
1
What is the tens digit of 632303?
0
What is the hundreds digit of 464879?
8
What is the thousands digit of 31375?
1
What is the hundreds digit of 1281066?
0
What is the hundred thousands digit of 13859176?
8
What is the hundreds digit of 3390818?
8
What is the millions digit of 18392447?
8
What is the thousands digit of 5846037?
6
What is the hundreds digit of 216833?
8
What is the thousands digit of 30696801?
6
What is the ten thousands digit of 1155898?
5
What is the hundred thousands digit of 2304947?
3
What is the ten thousands digit of 505862?
0
What is the hundred thousands digit of 173094?
1
What is the thousands digit of 2900136?
0
What is the thousands digit of 488180?
8
What is the hundreds digit of 113491?
4
What is the hundreds digit of 81456?
4
What is the ten thousands digit of 11154587?
5
What is the ten thousands digit of 755189?
5
What is the thousands digit of 343720?
3
What is the hundred thousands digit of 1099241?
0
What is the hundred thousands digit of 7022525?
0
What is the tens digit of 224106?
0
What is the ten thousands digit of 2409878?
0
What is the tens digit of 294611?
1
What is the units digit of 701698?
8
What is the tens digit of 2954311?
1
What is the hundred thousands digit of 9993665?
9
What is the thousands digit of 1220619?
0
What is the units digit of 136270?
0
What is the ten thousands digit of 309794?
0
What is the units digit of 3965539?
9
What is the hundred thousands digit of 311483?
3
What is the millions digit of 3278488?
3
What is the units digit of 22099644?
4
What is the tens digit of 19042361?
6
What is the tens digit of 848110?
1
What is the thousands digit of 3028903?
8
What is the ten thousands digit of 7470956?
7
What is the hundreds digit of 444454?
4
What is the tens digit of 3006615?
1
What is the units digit of 1026406?
6
What is the thousands digit of 211725?
1
What is the hundreds digit of 457891?
8
What is the hundred thousands digit of 759954?
7
What is the hundred thousands digit of 14390630?
3
What is the hundreds digit of 178021?
0
What is the hundred thousands digit of 308473?
3
What is the hundred thousands digit of 1354760?
3
What is the hundreds digit of 1150846?
8
What is the ten thousands digit of 1658828?
5
What is the thousands digit of 111001?
1
What is the tens digit of 3355093?
9
What is the hundred thousands digit of 8849152?
8
What is the hundreds digit of 365654?
6
What is the thousands digit of 271549?
1
What is the hundred thousands digit of 307629?
3
What is the tens digit of 197204?
0
What is the tens digit of 13916977?
7
What is the thousands digit of 208054?
8
What is the hundred thousands digit of 4526028?
5
What is the millions digit of 8084074?
8
What is the thousands digit of 4971562?
1
What is the ten millions digit of 12569795?
1
What is the ten thousands digit of 2169421?
6
What is the thousands digit of 178683?
8
What is the ten millions digit of 16102922?
1
What is the millions digit of 13681322?
3
What is the hundreds digit of 1066478?
4
What is the units digit of 2531488?
8
What is the millions digit of 2325658?
2
What is the millions digit of 1914888?
1
What is the tens digit of 15962?
6
What is the thousands digit of 2057391?
7
What is the thousands digit of 13684578?
4
What is the thousands digit of 34849479?
9
What is the tens digit of 129669?
6
What is the ten thousands digit of 27192660?
9
What is the tens digit of 21465230?
3
What is the hundred thousands digit of 9737449?
7
What is the millions digit of 4237765?
4
What is the tens digit of 87668?
6
What is the thousands digit of 101404?
1
What is the units digit of 148980?
0
What is the thousands digit of 102835?
2
What is the tens digit of 45153?
5
What is the hundred thousands digit of 634135?
6
What is the hundreds digit of 96429?
4
What is the thousands digit of 476358?
6
What is the hundred thousands digit of 24658364?
6
What is the ten thousands digit of 8820964?
2
What is the tens digit of 111666?
6
What is the millions digit of 9232762?
9
What is the thousands digit of 5943725?
3
What is the units digit of 2329117?
7
What is the tens digit of 2837757?
5
What is the tens digit of 86609?
0
What is the hundred thousands digit of 24024353?
0
What is the millions digit of 2872377?
2
What is the ten thousands digit of 955271?
5
What is the millions digit of 1636348?
1
What is the millions digit of 1700672?
1
What is the ten thousands digit of 548124?
4
What is the ten thousands digit of 192683?